445?
5, 7, 11, 163, 239
List the prime factors of 1393542.
2, 3, 77419
What are the prime factors of 706257?
3, 97, 809
What are the prime factors of 2689839?
3, 31, 311
List the prime factors of 10748453.
53, 139, 1459
What are the prime factors of 209662?
2, 104831
List the prime factors of 4401803.
7, 431, 1459
What are the prime factors of 105683?
105683
List the prime factors of 978087.
3, 11, 107, 277
List the prime factors of 382984.
2, 7, 977
List the prime factors of 19194036.
2, 3, 73, 21911
List the prime factors of 7881552.
2, 3, 7, 1117
What are the prime factors of 533802?
2, 3, 43, 2069
What are the prime factors of 4451160?
2, 3, 5, 7, 757
List the prime factors of 28918813.
7, 11, 375569
What are the prime factors of 696188?
2, 174047
What are the prime factors of 1491984?
2, 3, 13, 797
List the prime factors of 466898.
2, 47, 4967
List the prime factors of 6471286.
2, 19, 8963
What are the prime factors of 1965136?
2, 263, 467
List the prime factors of 456412.
2, 11, 23, 41
What are the prime factors of 559864?
2, 47, 1489
List the prime factors of 551183.
79, 6977
List the prime factors of 2259689.
19, 118931
List the prime factors of 30850241.
30850241
List the prime factors of 1683666.
2, 3, 19, 547
List the prime factors of 744289.
7, 13, 8179
List the prime factors of 96550.
2, 5, 1931
List the prime factors of 590993.
13, 269
List the prime factors of 14282789.
191, 74779
What are the prime factors of 373611?
3, 7, 17791
What are the prime factors of 552074?
2, 276037
What are the prime factors of 676059?
3, 225353
What are the prime factors of 79600?
2, 5, 199
List the prime factors of 408998.
2, 37, 5527
What are the prime factors of 559156?
2, 13, 10753
What are the prime factors of 21366437?
59, 362143
What are the prime factors of 21288?
2, 3, 887
List the prime factors of 713350.
2, 5, 11, 1297
What are the prime factors of 924733?
419, 2207
List the prime factors of 243575.
5, 9743
What are the prime factors of 862663?
29, 151, 197
List the prime factors of 242284.
2, 7, 17, 509
What are the prime factors of 358796?
2, 19, 4721
List the prime factors of 9904229.
367, 26987
What are the prime factors of 692190?
2, 3, 5, 7691
List the prime factors of 4336882.
2, 11, 17921
What are the prime factors of 8648169?
3, 53, 109, 499
What are the prime factors of 390966?
2, 3, 17, 3833
What are the prime factors of 269669?
31, 8699
What are the prime factors of 932175?
3, 5, 1381
What are the prime factors of 249536?
2, 7, 557
What are the prime factors of 32869?
32869
What are the prime factors of 21508069?
11, 1955279
List the prime factors of 1316719.
19, 37, 1873
What are the prime factors of 282216?
2, 3, 11, 1069
What are the prime factors of 1523766?
2, 3, 229, 1109
List the prime factors of 557383.
499, 1117
List the prime factors of 4812528.
2, 3, 7, 14323
List the prime factors of 225902.
2, 112951
What are the prime factors of 456949?
456949
List the prime factors of 305810.
2, 5, 53, 577
What are the prime factors of 1258632?
2, 3, 5827
List the prime factors of 4215526.
2, 7, 353, 853
What are the prime factors of 6266027?
107, 157, 373
List the prime factors of 199986.
2, 3, 33331
What are the prime factors of 8854857?
3, 11, 89443
List the prime factors of 1313745.
3, 5, 87583
What are the prime factors of 3301620?
2, 3, 5, 7, 1123
What are the prime factors of 3317694?
2, 3, 53, 10433
What are the prime factors of 9713570?
2, 5, 971357
What are the prime factors of 2539827?
3, 41, 6883
What are the prime factors of 2732614?
2, 17, 179, 449
List the prime factors of 1901695.
5, 31, 12269
List the prime factors of 1692007.
19, 43, 109
List the prime factors of 1341955.
5, 59, 4549
List the prime factors of 50941.
11, 421
What are the prime factors of 3596722?
2, 47, 83, 461
List the prime factors of 2090.
2, 5, 11, 19
List the prime factors of 76985.
5, 89, 173
List the prime factors of 49161.
3, 7, 2341
List the prime factors of 16064052.
2, 3, 1338671
What are the prime factors of 996724?
2, 249181
List the prime factors of 367553.
199, 1847
List the prime factors of 4449849.
3, 1483283
What are the prime factors of 205925?
5, 8237
List the prime factors of 715966.
2, 357983
List the prime factors of 1959177.
3, 11, 59369
What are the prime factors of 5552218?
2, 7, 19, 20873
List the prime factors of 955595.
5, 191119
What are the prime factors of 6792818?
2, 1489, 2281
What are the prime factors of 342508?
2, 85627
What are the prime factors of 102049?
19, 41, 131
What are the prime factors of 120454?
2, 229, 263
What are the prime factors of 1844?
2, 461
List the prime factors of 273825.
3, 5, 1217
What are the prime factors of 5598689?
5598689
List the prime factors of 747955.
5, 13, 37, 311
What are the prime factors of 462934?
2, 211, 1097
What are the prime factors of 2104592?
2, 7, 19, 23, 43
List the prime factors of 816305.
5, 7, 83, 281
List the prime factors of 12327869.
347, 35527
List the prime factors of 4985675.
5, 17, 11731
What are the prime factors of 905086?
2, 7, 13, 4973
What are the prime factors of 3304181?
3304181
List the prime factors of 680734.
2, 107, 3181
List the prime factors of 1653255.
3, 5, 36739
What are the prime factors of 20998139?
20998139
List the prime factors of 859217.
59, 14563
What are the prime factors of 798008?
2, 23, 4337
What are the prime factors of 6841298?
2, 3420649
What are the prime factors of 551438?
2, 275719
What are the prime factors of 1624499?
1091, 1489
List the prime factors of 481216.
2, 73, 103
List the prime factors of 104160.
2, 3, 5, 7, 31
What are the prime factors of 155530?
2, 5, 103, 151
List the prime factors of 13529864.
2, 37, 43, 1063
What are the prime factors of 350855?
5, 47, 1493
List the prime factors of 789110.
2, 5, 7, 11273
What are the prime factors of 421807?
421807
What are the prime factors of 199320?
2, 3, 5, 11, 151
List the prime factors of 19963333.
13, 23, 179, 373
What are the prime factors of 7226?
2, 3613
What are the prime factors of 4251124?
2, 1062781
List the prime factors of 968241.
3, 322747
What are the prime factors of 3927935?
5, 11, 17, 4201
List the prime factors of 9990320.
2, 5, 47, 2657
What are the prime factors of 4155768?
2, 3, 57719
List the prime factors of 20543.
20543
What are the prime factors of 405874?
2, 7, 53, 547
List the prime factors of 852472.
2, 23, 41, 113
List the prime factors of 2009396.
2, 37, 13577
List the prime factors of 40775.
5, 7, 233
List the prime factors of 136723.
47, 2909
List the prime factors of 1353069.
3, 149, 1009
What are the prime factors of 457383?
3, 152461
What are the prime factors of 20773927?
4327, 4801
What are the prime factors of 969423?
3, 7, 13, 53, 67
What are the prime factors of 364448?
2, 7, 1627
List the prime factors of 13941.
3, 1549
What are the prime factors of 758934?
2, 3, 11, 3833
List the prime factors of 2915964.
2, 3, 107, 757
List the prime factors of 838568.
2, 37, 2833
List the prime factors of 254726.
2, 127363
What are the prime factors of 12241471?
11, 467, 2383
What are the prime factors of 504453?
3, 168151
List the prime factors of 2437907.
103, 23669
List the prime factors of 36725.
5, 13, 113
What are the prime factors of 375845?
5, 75169
List the prime factors of 935606.
2, 7, 9547
List the prime factors of 9065861.
7, 101, 12823
List the prime factors of 374476.
2, 17, 5507
What are the prime factors of 8577396?
2, 3, 238261
What are the prime factors of 1767019?
19, 93001
What are the prime factors of 822380?
2, 5, 13, 3163
List the prime factors of 5586305.
5, 499, 2239
List the prime factors of 282426.
2, 3, 103, 457
List the prime factors of 295365.
3, 5, 7, 29, 97
List the prime factors of 1049124.
2, 3, 87427
What are the prime factors of 1603621?
53, 79, 383
List the prime factors of 3025221.
3, 1008407
What are the prime factors of 173912?
2, 21739
List the prime factors of 1454414.
2, 13, 331
What are the prime factors of 1464798?
2, 3, 241, 1013
What are the prime factors of 4945981?
4945981
List the prime factors of 7047727.
19, 59, 6287
What are the prime factors of 620746?
2, 7, 101, 439
List the prime factors of 4115317.
4115317
What are the prime factors of 194978?
2, 7, 19, 733
List the prime fact